(220).
-2
Let j(n) = -10*n**2 - 4284*n + 30476. Calculate j(7).
-2
Let f(x) = x**3 + 42*x**2 + 379*x + 20107. Determine f(-44).
-441
Let x(t) = t**2 - 908629*t + 15446398. What is x(17)?
-6
Let l(j) = -4*j**2 + 4562*j - 18225. What is l(4)?
-41
Let x(g) = 13802*g + 5120545. Determine x(-371).
3
Let m(i) = -85201*i + 10224121. Give m(120).
1
Let k(o) = 2713*o - 83924. Calculate k(31).
179
Let x(h) = 676048*h + 676034. Calculate x(-1).
-14
Let q(k) = 4*k**2 + 192*k - 8102. Determine q(-75).
-2
Let x(p) = 3*p**3 - 275*p**2 + 3965*p + 87. Determine x(18).
-147
Let k(n) = 81*n**2 - 610*n + 4207. What is k(7)?
3906
Let s(f) = 2*f**3 - 246*f**2 + 3289*f - 5302. Calculate s(108).
-10
Let u(j) = -132111*j - 396331. What is u(-3)?
2
Let q(n) = 196*n**2 + 11254*n + 4677. Calculate q(-57).
3
Let b(i) = -2*i**3 + 60*i**2 + 440*i - 15454. Calculate b(28).
2
Let w(d) = -d**3 - 55*d**2 - 390*d - 264. Determine w(-9).
-480
Let j(g) = 9*g**2 + 64*g + 20. What is j(-3)?
-91
Let m(t) = 2*t**3 - 51*t**2 + 246*t - 11. Calculate m(19).
-30
Let g(f) = -f**2 + 1172*f - 24906. Determine g(21).
-735
Let d(g) = -10*g**2 + 911*g + 94801. Calculate d(-62).
-121
Let y(o) = 43592*o + 741044. Determine y(-17).
-20
Let c(w) = w**3 + 26*w**2 - 561*w - 2894. Give c(17).
-4
Let c(b) = 3*b**2 - b - 14. Calculate c(2).
-4
Let z(g) = 159*g - 28985. Determine z(182).
-47
Let v(g) = 169*g**2 + 6083*g - 35. Determine v(-36).
1
Let y(v) = -v**2 - 70*v - 1466. What is y(-74)?
-1762
Let h(p) = 57991*p - 1507756. Give h(26).
10
Let f(l) = 2*l**3 - 10*l**2 + 30*l - 484. Determine f(0).
-484
Let i(z) = 33641*z + 67560. Determine i(-2).
278
Let k(h) = 12590*h + 4683473. Give k(-372).
-7
Let r(j) = -4*j**2 + 15*j - 34. Calculate r(12).
-430
Let q(v) = -v**3 + 1492*v**2 - 11866*v + 2. What is q(8)?
50
Let a(s) = s**2 - 8436*s - 1463027. Calculate a(-170).
-7
Let o(m) = -5*m**2 + 5055*m - 59934. What is o(999)?
6
Let b(z) = -334193*z + 4678702. Give b(14).
0
Let x(a) = 1888*a - 500326. What is x(265)?
-6
Let b(y) = -620*y**2 + 11188*y - 11. Determine b(18).
493
Let d(h) = 69*h**2 - 179*h - 1249. Determine d(-6).
2309
Let k(l) = -5*l**3 - 218*l**2 + 638*l - 15. Determine k(3).
-198
Let m(w) = -w**3 + 262*w**2 - 3412*w - 787. Determine m(14).
53
Let s(k) = -k**2 + 3966*k + 5739803. What is s(-1127)?
-8
Let x(a) = -11*a**3 + 20*a**2 + 58*a - 736. Give x(8).
-4624
Let v(z) = 2*z**3 + 206*z**2 + 60*z + 751. Give v(-103).
-5429
Let n(y) = 7*y**3 + 175*y**2 - 373*y + 120. Give n(-27).
-15
Let o(w) = -251*w**3 + 1801*w**2 - 17*w + 19. Give o(7).
2056
Let d(n) = 1202*n - 88939. Calculate d(74).
9
Let g(o) = 14*o**2 - 1601*o + 11312. Calculate g(7).
791
Let o(a) = 11391*a - 45575. What is o(4)?
-11
Let j(c) = -101*c**2 + 100809*c - 111674. Calculate j(997).
-10
Let q(k) = -199*k**2 - 14730*k - 298. Determine q(-74).
-2
Let t(f) = -8*f**3 + 1334*f**2 + 298*f + 6018. What is t(167)?
6
Let w(y) = -40*y**3 + 18*y**2 - 11*y - 30. What is w(-3)?
1245
Let r(i) = -24545*i + 171796. Calculate r(7).
-19
Let f(w) = w**3 - 6*w**2 - 47*w + 83. Calculate f(-10).
-1047
Let p(r) = 922*r + 8810. Give p(-10).
-410
Let m(j) = 113*j + 4022. Determine m(-34).
180
Let q(i) = 74*i**2 + 882*i + 4. Determine q(-11).
-744
Let a(k) = -430279*k + 47330689. Calculate a(110).
-1
Let x(n) = 189*n**2 + 2875*n + 654. Calculate x(-15).
54
Let y(c) = c**3 - 14*c**2 - 80*c + 445. Determine y(17).
-48
Let h(p) = -575*p - 42670. Give h(-74).
-120
Let l(n) = 16424*n - 82125. Give l(5).
-5
Let q(b) = b**3 - 22*b**2 + 162*b - 7. Give q(5).
378
Let l(r) = 11711*r - 97036. Give l(8).
-3348
Let d(o) = 50973*o + 407779. Calculate d(-8).
-5
Let b(h) = 10*h**2 + 297*h - 1993. Determine b(7).
576
Let k(r) = -1439*r + 188517. Give k(131).
8
Let q(o) = 76193*o - 1066681. Give q(14).
21
Let a(r) = 2978*r + 812938. Calculate a(-273).
-56
Let v(z) = -54648*z - 1420853. Give v(-26).
-5
Let k(b) = 2*b**3 + 505*b**2 + 197*b - 13853. Give k(-252).
7
Let f(m) = 4*m**2 + 81*m + 412. What is f(-20)?
392
Let x(b) = b**3 - 30*b**2 + 224*b + 212. Calculate x(23).
1661
Let s(y) = -y**2 + 7326*y - 43977. What is s(6)?
-57
Let m(q) = 3*q**2 - 135*q - 11346. Give m(-43).
6
Let t(l) = 3*l**3 - 474*l**2 - 6*l + 940. What is t(158)?
-8
Let d(j) = j**3 + 18*j**2 - 17*j + 24. Give d(-19).
-14
Let w(y) = 90*y - 4296. Determine w(52).
384
Let d(f) = -2797*f + 288122. Give d(103).
31
Let x(c) = -12*c**3 + 1027*c**2 - 615*c + 1719. Calculate x(85).
19
Let z(t) = t**3 + 29*t**2 + 69*t + 185. Calculate z(-27).
-220
Let r(k) = 2*k**2 - 28*k + 608. Determine r(20).
848
Let c(v) = 42*v - 1897. Give c(37).
-343
Let f(z) = -688*z**2 - 165*z + 161. Calculate f(1).
-692
Let u(t) = -20*t**2 - 2495*t - 24513. Give u(-114).
-3
Let t(v) = -9*v**3 - 352*v**2 + 3842*v + 99. What is t(-48)?
3
Let c(k) = k**3 - 101*k**2 + 1259*k - 31778. Give c(91).
-19
Let i(k) = 10*k**3 + 5634*k**2 + 2231*k - 11808. Give i(-563).
15
Let h(u) = 5903*u + 914968. Calculate h(-155).
3
Let u(x) = 5*x**2 + 821*x + 7714. What is u(-10)?
4
Let m(g) = -4*g**3 - 35*g**2 - 52*g + 95. Determine m(-6).
11
Let u(l) = 19*l**3 + 172*l**2 + 3*l + 96. Calculate u(-9).
150
Let k(u) = -u**3 + 3*u**2 + 213*u + 595. What is k(-3)?
10
Let k(l) = -2*l**2 + 13529*l + 203280. Give k(-15).
-105
Let y(h) = h**3 + 707*h**2 + 112754*h + 473. Determine y(-243).
-13
Let w(x) = -575*x - 16691. Determine w(-29).
-16
Let r(z) = -16038*z + 112150. What is r(7)?
-116
Let r(y) = -y**3 + 23*y**2 - 659*y + 6272. Determine r(11).
475
Let f(d) = 456557*d - 6848307. Give f(15).
48
Let m(z) = 37566*z - 3493645. Determine m(93).
-7
Let n(y) = 62898*y - 628987. Give n(10).
-7
Let f(g) = g**3 + 42*g**2 - 3028*g - 458. What is f(38)?
-2
Let u(l) = -l**2 - 5591*l - 688576. Give u(-126).
14
Let p(y) = 4*y**2 + 1486*y + 14467. What is p(-10)?
7
Let s(t) = -2*t**3 - 68*t**2 + 839*t - 573. Calculate s(9).
12
Let g(l) = -13*l - 1532. Determine g(-102).
-206
Let k(m) = 2953*m + 593554. Calculate k(-201).
1
Let p(j) = -705*j**2 - 2822*j + 2. Give p(-4).
10
Let k(p) = p**2 + 3029*p - 119645. Give k(39).
7
Let f(v) = -763*v - 2769. Calculate f(-4).
283
Let p(f) = 55*f**2 + 599*f + 1197. Give p(-2).
219
Let t(n) = -660*n + 1652. What is t(-6)?
5612
Let s(n) = -6*n**3 - 48*n**2 - 115*n - 27. Give s(-4).
49
Let r(u) = 77120*u - 2544975. What is r(33)?
-15
Let o(y) = 10*y - 657. What is o(78)?
123
Let a(f) = -4597*f - 4618. Calculate a(-1).
-21
Let q(h) = 63*h**3 + 5*h**2 + 936*h - 3711. Calculate q(4).
4145
Let c(y) = 22*y**3 + 3629*y**2 - 166*y - 68. What is c(-165)?
97
Let k(i) = 7*i - 205. What is k(46)?
117
Let p(t) = 24*t**3 + 5783*t**2 - 247*t - 1471. Give p(-241).
-25
Let w(c) = 41*c**2 - 1959*c + 1958. Determine w(1).
40
Let j(i) = 26*i**2 - 7860*i + 7863. Give j(1).
29
Let k(x) = 2*x**2 + 92*x - 4184. What is k(-84)?
2200
Let u(g) = g**2 + 879099*g + 6153649. Give u(-7).
5
Let f(i) = -53*i - 3934. Give f(-54).
-1072
Let c(h) = -2*h**3 - 96*h**2 + 6777*h + 229. What is c(39)?
-122
Let y(w) = -5*w**2 + 227*w - 1968. What is y(10)?
-198
Let d(o) = -57*o**2 + 4047*o - 87. Determine d(71).
-87
Let x(w) = -168*w**2 - 3342*w + 354. What is x(-20)?
-6
Let i(s) = -14*s**2 + 18478*s + 151397. What is i(1328)?
5
Let q(r) = 150*r + 4775. What is q(-32)?
-25
Let t(l) = 7885*l + 410012. Calculate t(-52).
-8
Let s(p) = 3*p**3 - 177*p**2 - 2080*p + 844. Give s(69).
154
Let g(u) = -7123*u - 4829413. Determine g(-678).
-19
Let f(g) = -131*g**2 + 1304*g - 3241. What is f(6)?
-133
Let b(m) = -973*m**2 + 3946*m - 265. What is b(4)?
-49
Let i(k) = 16*k**3 + 72*k**2 - 301*k + 12. Give i(4).
984
Let m(u) = 4*u**3 + 121*u**2 - 9*u - 546. What is m(-30)?
624
Let a(v) = 6775*v - 25206. What is a(4)?
1894
Let i(d) = -1460*d + 11788. Calculate i(8).
108
Let t(o) = 8835*o - 35530. What is t(4)?
-190
Let h(g) = 17*g - 278. What is h(-13)?
-499
Let z(f) = 6*f**3 - 116*f**2 - 607*f + 2334. Calculate z(23).
11
Let r(k) = 57244*k + 84. Give r(0).
84
Let f(q) = -q**3 + 39*q**2 - 325*q. What is f(9)?
-495
Let l(f) = -33592*f - 167677. Calculate l(-5).
283
Let l(s) = -23*s**2 - 356*s + 2. Determine l(-2).
622
Let t(g) = -3*g**2 - 2881*g - 40117. What is t(-14)?
-371
Let h(b) = 4679*b + 25982. What is h(-6)?
-2092
Let b(j) = -16*j**2 - 12871*j - 12. Give b(0).
-12
Let x(f) = f**3 - 27*f**2 - 256